factors of -4 + 1 - s/16?
7
Let n(l) = 4*l**3 + 2*l**2 + 2*l. Let a be n(-1). List the prime factors of -1 + 1 - 82*(-5 - a).
2, 41
Suppose -5 = 4*r - 13. Let c(y) = 9*y**2 + 4*y - 5. What are the prime factors of c(r)?
3, 13
Let p = -8 - -10. List the prime factors of 4 + p + -4 + 0.
2
Let n = 21 + -2. Suppose -3*a + 62 = -n. Suppose 0*h + 2*h - 3*f = -6, 3*f - a = -5*h. List the prime factors of h.
3
Let i(k) be the first derivative of k**2 + 95*k - 6. List the prime factors of i(0).
5, 19
Suppose -3*l = -2*l + 4*q - 52, 2*q = 0. What are the prime factors of l?
2, 13
Suppose -3 - 13 = -4*o. What are the prime factors of (-35 + -6)*(-2 - o)?
2, 3, 41
Let m = 977 - 164. List the prime factors of m.
3, 271
Suppose -5*v + 2613 = -l, 0 = -5*v - 18*l + 21*l + 2609. List the prime factors of v.
523
Let r(h) = -105 - 88 - 12*h + 152. List the prime factors of r(-19).
11, 17
Let s = -289 + 153. Let p = s - -316. Suppose 0 = 3*m + 2*m - p. What are the prime factors of m?
2, 3
Let v = -20 + 17. Let j(o) = o**2 + o - 3. Let g be j(v). Suppose -34 - 71 = -g*k. List the prime factors of k.
5, 7
Let c be (-6)/14 + 1110/42. What are the prime factors of (c - 4/16*-2)*2?
53
Let n = 17 - 14. Suppose -4 = -2*i + n*v, 2*v + 21 = -i + 6*i. List the prime factors of i.
5
Let u be (-4650)/(-12) + -5 + 6/4. Suppose -s - u = -4*s. List the prime factors of s.
2
Suppose 3*q + 44 = -163. Let g be 1/(1/(-2)) - 20. Let j = g - q. What are the prime factors of j?
47
List the prime factors of 3*-1 - ((4 - -6) + -548).
5, 107
Let z(f) = -4*f**2 - 7 + 0*f**3 + f**3 - 7*f**2 - 11*f. Let o be z(12). Suppose x + o*u = -5, 0*u + 33 = 5*x - 4*u. List the prime factors of x.
5
Let f be (-5)/10 - (-4)/(-8). Let a be -3 + 2/(4/(-2)). What are the prime factors of 22/a*(f - 1)?
11
Suppose -3*f + 48 = -4*f. Let b = f - -69. Suppose l = 2*r - b, 4*r = -4*l + l + 57. What are the prime factors of r?
2, 3
Suppose -2*n - 7 = 2*t + 27, 26 = -3*t + 2*n. Let p be 87/t + (-3)/4. Let z(d) = -2*d + 4. What are the prime factors of z(p)?
2, 5
Let z(k) = 8*k - 40. List the prime factors of z(11).
2, 3
Let g = -27 - -30. Let t(i) = 4 - 11 + g*i + 0. What are the prime factors of t(3)?
2
Suppose 24*l + 2212 = 28*l. List the prime factors of l.
7, 79
Let u(n) = 49*n + 35. List the prime factors of u(1).
2, 3, 7
Let r = 37 + -8. Suppose 85 + r = 3*g. List the prime factors of g.
2, 19
Suppose -9*k = -7 - 20. Suppose 0 = k*o + 2*o - 65. What are the prime factors of o?
13
Let g(f) = -7*f + 5*f**2 + 3*f**2 - 14*f**2 + 40 + 5*f**2. List the prime factors of g(-9).
2, 11
Suppose -5*d + 6169 = w, 20 + 0 = 5*w. What are the prime factors of d?
3, 137
Suppose -106 - 231 = -2*a + s, -4*s - 498 = -3*a. Suppose -a = j - 6*j. What are the prime factors of j?
2, 17
Let g = 49 + -6. Let o = 54 - g. What are the prime factors of o?
11
Suppose 7*a - 12*a = -65. Suppose -4*l = -79 - a. Suppose -5*i - 2*d = -47, 4*d - 5 = -4*i + l. List the prime factors of i.
11
Let n be 324/78 - (-2)/(-13). Let g be 2/(n/(1 + -17)). Let s = 10 - g. What are the prime factors of s?
2, 3
Let y(v) = 9*v - 14 + 0*v - 1. What are the prime factors of y(9)?
2, 3, 11
Let g(r) = -184*r - 48. List the prime factors of g(-6).
2, 3, 11
Let z = -53 - -56. List the prime factors of z/(-6)*6 + 38.
5, 7
Let q = -243 + 703. List the prime factors of q.
2, 5, 23
Let f be (-28)/(-12) + 4/6. Let o be 4*f*3/(-18). What are the prime factors of 0 + (17 - o) + 3?
2, 11
Let g be 1*(130 + 0/3). Suppose 3*i = i + g. List the prime factors of i.
5, 13
Let m(u) = 91*u**2 - 11*u + 42. List the prime factors of m(3).
2, 3, 23
Let f be 20/15*(-6)/(-2). Let x(g) = -f - 8*g + 19*g**3 - 18*g**3 - 4*g - 4*g**2 + 5*g. What are the prime factors of x(6)?
2, 13
Let g(q) = -q**3 + 3*q + 1. Suppose -2*u + 6 = -5*u. Let y be g(u). Suppose -8*c + y*c + 80 = 0. List the prime factors of c.
2
List the prime factors of (-2)/12 + 4/((-144)/(-1410)).
3, 13
Let p = 137 - 43. Suppose 0 = -d + 5*t + 39 - 19, 5*d = -4*t + 13. Suppose -d*m + 111 = -p. What are the prime factors of m?
41
Suppose 2*l - 3*p = 1254, 3*l = -0*l + 4*p + 1881. What are the prime factors of l?
3, 11, 19
Let y = 2921 + -1641. List the prime factors of y.
2, 5
Suppose 0*y - 3*y = 0. Suppose y = 7*s + 2*s. List the prime factors of 6/(-3) + s + 7.
5
Let n = 42 + -40. What are the prime factors of 2/n - (-1 + -35)?
37
Suppose 2*h - 116 = -3*k, -3*h - 15*k = -11*k - 172. What are the prime factors of h?
2, 13
Suppose l = 9*l - 72. Suppose y = 3*i + l - 297, 0 = 3*i - 2*y - 285. What are the prime factors of i?
97
Suppose 32*q = 30*q + 8. Suppose q*z = -7 - 1. What are the prime factors of -1 - z - (2 + -21)?
2, 5
Let n be -1 + (1 - 3) - (-2 - 1). List the prime factors of (60 + n)*12*5/40.
2, 3, 5
Suppose -r - 3*j - 537 + 4300 = 0, 7511 = 2*r + 3*j. List the prime factors of r.
2, 937
Suppose 9*q - 2425 = -5*t + 14*q, 5*t = -5*q + 2465. List the prime factors of t.
3, 163
Let p(f) = 8*f + 10. Let q = -42 - -54. List the prime factors of p(q).
2, 53
Let l(h) = h**3 - 20*h**2 - 45*h + 52. What are the prime factors of l(23)?
2, 151
Let t(o) = 87*o - 3. Let m = 53 + -52. List the prime factors of t(m).
2, 3, 7
Suppose w + 2*w + 170 = 4*b, -5*w + 10 = 0. Suppose t + 4*q = 44, t + 0*t + 3*q - b = 0. What are the prime factors of t?
2, 11
Let a(j) = j**3 + 12*j**2 + 4*j - 17. Let f be a(-5). Suppose -72 = -2*k + f. What are the prime factors of k?
3, 5, 7
Let j(h) be the first derivative of h**4/4 - 2*h**3/3 - 6*h - 8. Let u be j(3). Suppose q + 2*i - 6 - 3 = 0, 0 = -q - u*i + 6. List the prime factors of q.
3, 5
Let x = 9859 + -6982. List the prime factors of x.
3, 7, 137
List the prime factors of ((-6934)/3)/((-7)/((-252)/(-24))).
3467
Suppose 2 = -2*m + 4*m. Suppose -12 = -a - m. List the prime factors of a.
11
Suppose -5*v + 50 = 5*p, -29 = -2*p - 7*v + 2*v. What are the prime factors of p?
7
Let i be (-5)/(-2) + (-6)/12. Suppose -110 - 95 = -i*c - y, 4*y = 4*c - 392. List the prime factors of c.
101
Let d(r) = 29*r**2 - 6*r - 8. List the prime factors of d(-4).
2, 3, 5
Let a(j) = j + 11. Let n be a(-4). Let v(g) be the third derivative of -g**5/60 + 3*g**4/8 - g**3 - g**2. List the prime factors of v(n).
2
What are the prime factors of 759150/245 - (-16)/(-28)?
2, 1549
List the prime factors of ((6 - -2) + 1613)*1.
1621
Let y(v) = 44*v**2 - 17*v - 13. List the prime factors of y(-6).
7, 239
Let v = 25 - 22. Suppose s = v - 2. Let z(l) = 62*l. What are the prime factors of z(s)?
2, 31
Suppose 2550 = 5*i - 3*k, -k = -3*i + k + 1531. Let q = i - 291. What are the prime factors of q?
2, 3
What are the prime factors of 5/(-10)*(5 + -321)?
2, 79
Suppose 4*f - 185 = -f. Suppose 4*v - f = 19. Let n = v - 7. List the prime factors of n.
7
Suppose -2*h + 4849 = f, -h + 2*f = 968 - 3405. List the prime factors of h.
3, 809
List the prime factors of 4*1/(-2)*58/(-4).
29
Suppose 4*v + 29 = 3*k, v - 6*v + 5*k = 40. What are the prime factors of (3 + v - -5) + 36?
3, 13
Let i(p) = 5*p**3 + 2*p**2 - 12*p + 3. Let v(a) = -4*a**3 - 3*a**2 + 11*a - 3. Let b(y) = -3*i(y) - 4*v(y). What are the prime factors of b(-6)?
3, 17
Let v(g) = -g**3 - 3*g**2 + 11*g - 19. Let k be v(-6). Let i = 2 - 0. Suppose k = -5*q + p + 173, 41 = q + i*p. What are the prime factors of q?
31
Let f(n) = n**3 - 4*n**2 + 8*n + 273. What are the prime factors of f(17)?
2, 2083
Let x(j) be the second derivative of 3*j**5/20 + j**4/4 - 5*j. Let m be x(-2). What are the prime factors of 1*4/(m/(-51))?
17
Let a(x) = -3*x - 2. Let v be a(-3). What are the prime factors of 22/(-77) + 380/v?
2, 3
Suppose 53*w - 34*w - 15865 = 0. List the prime factors of w.
5, 167
Let d(b) = 360*b + 318. What are the prime factors of d(8)?
2, 3, 13, 41
List the prime factors of 2/(-3) - 259104/(-72).
2, 7, 257
Suppose -10*z = z + 1650. Let m = z - -294. What are the prime factors of m?
2, 3
Let l be 6/(-21) - 88/(-14). Suppose -5*y - l = -41. Let b(f) = 2*f - 4. List the prime factors of b(y).
2, 5
Suppose -16 = -5*g - 4*n, -2*n = 3*g + 1 - 9. Suppose 2*d + 17 = 3*a, d = 5*a - 19 - g. What are the prime factors of a?
3
Let a(d) = -2*d + 6. Let z be a(8). Let r(q) = -q**3 + 9*q**2 - 9*q + 13. Let p be r(7). Let u = z + p. List the prime factors of u.
2, 19
Let j(v) = -148*v +